e -w = -3*t - 13, 0 = -w - 3*w - 3*t + 7. Give m(w).
8
Let f be 1 + -2 - (-2 - -8). Let k(b) = -b - 2. Determine k(f).
5
Let k(i) = i**2 + 7*i. Suppose 7*p - 2*p = -10. Let h(c) = -3*c**2 - 3*c. Let x be h(p). Determine k(x).
-6
Let l(r) = 12*r**2 - 4*r + 2 - 11*r**2 + 5*r**2. Calculate l(2).
18
Let n be 15/4 + 2/8 + 3. Let l(k) = k - 3. Determine l(n).
4
Suppose -4*j - j - 50 = 0. Let t = j - -4. Let n(y) = -y**2 - 6*y - 5. Determine n(t).
-5
Let r be ((0 + 0)/(-1))/(-1). Suppose -4*v - 2*z = -18, 4*v + v = 5*z - 15. Suppose r*w - v = w. Let y(n) = n**2 + 2*n. Give y(w).
0
Let y(i) be the first derivative of i**3/3 - 19*i - 1. Determine y(0).
-19
Let c(x) = -2*x + 46. Let m(p) = p - 15. Let f be 1 - (2*17)/2. Let t(y) = f*m(y) - 5*c(y). Let k(q) = -q + 1. Let d(w) = -5*k(w) + t(w). Calculate d(0).
5
Let b(r) be the third derivative of r**2 + 0*r + 1/24*r**4 + 0 + 1/6*r**3. Give b(4).
5
Let o(q) = -q + 8 - 2 - 4. Suppose 4*c = 8*c - 16. Determine o(c).
-2
Let g be (5/15)/((-3)/(-18)). Let f(v) = 3*v. Determine f(g).
6
Let k(j) = 4*j + 9. Let x(l) = 11*l + 26. Let b(u) = -8*k(u) + 3*x(u). Suppose 0*q + 14 = -2*q. Let c = -7 - q. Calculate b(c).
6
Let d(h) be the third derivative of h**4/12 + 2*h**2. Let v be (-5 + 44/8)/(1/(-2)). Give d(v).
-2
Let t(y) = y. Let p be t(4). Suppose -p*b - b = -10. Let c(u) = 6 - 2*u**b - u**2 - 5*u + 4*u**2 - 2*u**2. Give c(-6).
0
Let w(s) = s + 11. Let o be 1/(1/2) - -7. Let b = 19 - o. Suppose -z - z = b. Determine w(z).
6
Let w(d) = 60*d - 63*d - 4*d**2 + 5*d**2. Determine w(4).
4
Let y(i) = -5*i + 70*i**2 - 132*i**2 - 2 + 63*i**2. Give y(5).
-2
Let h(g) = 2*g**3 - 3*g**2 + 2*g - 1. Suppose -14 = 3*u + 4*n, 2*n = 3*u - 4*u - 8. What is h(u)?
7
Let r(y) = y**3 - y - 3. Let a = -27 - -27. What is r(a)?
-3
Let j(t) = 1 - 1 + t**2 + 3*t - 2*t**2. Calculate j(5).
-10
Let m(w) be the third derivative of 7*w**6/120 - w**5/60 - w**4/24 + 2*w**2. Let t(j) = j**3 - j**2 - 1. Let y be t(0). Give m(y).
-7
Let x(u) = -8*u + 4. Let z(l) = 7*l - 3. Suppose 2*g + 5 = -1. Let o(p) = g*x(p) - 4*z(p). Suppose -18 = -2*i - 16. What is o(i)?
-4
Suppose 5*k + p = -4*p + 5, -2*k + p = -8. Let i(v) = -2*v + 4. Calculate i(k).
-2
Let n be ((-87)/5)/3 + (-3)/15. Let r(c) = c. Let j(f) = 6*f + 1. Let v(q) = -2*j(q) + 11*r(q). Give v(n).
4
Suppose -4*q - 12 = 4*a + 4, 0 = 5*q - 4*a - 25. Let d(u) be the second derivative of -u**4/2 - u**3/6 + 5*u. Calculate d(q).
-7
Let w = -2 + 0. Let p be 4/(1/((-2)/(-4))). Let d(y) = -1 - y**p + 2*y + 3 + 3*y - 2*y. What is d(w)?
-8
Let u = -23 + 29. Let s(c) = -c**2 + 4*c - 4. Give s(u).
-16
Let m(u) = 4*u. Suppose 3*i - 18 = 12*i. Determine m(i).
-8
Let l(t) = -t. Let s(k) = 2*k. Let x(n) = n. Let o(q) = -3*s(q) + 8*x(q). Let y(j) = 3*l(j) + o(j). Calculate y(3).
-3
Let p be ((-1)/(-3))/((-3)/(-36)). Let k(v) = -v + 4. Let a be k(p). Let h(c) = -c**2 + 4. Give h(a).
4
Let j(k) = -20*k + 11. Let l(w) = 13*w - 7. Let t(r) = -5*j(r) - 8*l(r). Give t(-1).
5
Let w(j) = 0*j**2 - 2*j + j - 3*j**2 + 2*j**2 + 3. Let y(s) = -s + 2. Let a be y(-1). Calculate w(a).
-9
Let h(b) be the first derivative of -b**4/4 - b**3 + b - 5. Give h(-1).
-1
Let d(o) = o**3 + 3*o**2 + 2*o + 2. Suppose 0 = -4*t - 4*h + 6*h - 22, 4*t - 13 = -5*h. Give d(t).
-4
Let m(f) = -f**3 + 5*f**2 - 6*f + 4. Suppose -6*y = -y - 5*a - 35, 4*a = -4*y + 4. Give m(y).
-4
Let l(f) = f**3 - 8*f**2 - 11*f + 7. Let r be l(9). Let a = r - -6. Let w(y) = -y - 7. Give w(a).
-2
Let t(d) = d - 5. Suppose -8 = 3*w - 29. Let h be t(w). Suppose -n = n - h. Let r(b) = -2*b**2. Determine r(n).
-2
Suppose 0 = 6*m - 3*m. Let z(k) = -k + 0*k + m*k + 5 - 3. Let i be z(0). Let t(u) = u**2 - 4*u. Give t(i).
-4
Suppose 3*t + 2 = -5*h, -13 - 21 = -3*t + 4*h. Let o(i) = i - 4. Give o(t).
2
Let a(t) = t**2 + 2*t - 1. Let n(w) = -w**3 + 3*w**2 + 7*w - 5. Let m be n(4). Suppose -m*c - 6 = -9*c. Determine a(c).
14
Suppose -h - a = -10, 3*a = 4*h - 12 - 7. Suppose -h = -v - 3*f, 0 = -3*v - 3*f + 2 + 7. Let p = v + -2. Let w(n) = -9*n**2 + 1. Determine w(p).
-8
Let r(c) be the second derivative of c**3/6 - 5*c**2 - 23*c. What is r(0)?
-10
Suppose -6*m + 5 = -m. Let w = m + -5. Let i(x) = 3*x + 1. What is i(w)?
-11
Let i(s) = 3*s + 1. Let l(r) = -r. Let m be l(-2). Suppose m*b + 6 = -0*b. Calculate i(b).
-8
Let s(x) = x**3 + 5*x**2 - 5. Let z(y) = -3 - 12*y + y**3 + 0*y**3 - 12*y**2 - 15. Suppose -n = -4*q - 9, 3*q = -2*n + 2*q + 27. Let v be z(n). What is s(v)?
-5
Let x = 22 - 0. Suppose 4*n - 2*n + x = 0. Let c = n - -6. Let j(r) = r - 5. Give j(c).
-10
Let v(o) be the third derivative of -o**5/60 + 3*o**4/8 - o**3 - 8*o**2. Calculate v(8).
2
Let u(z) = -z**3 - 6*z**2 - 2. Suppose 3*l + 5 = -10, l = 2*g - 9. Let o be g/(-4) - 11/2. Let v be u(o). Let n(r) = -r**3 - r**2 - r - 2. Give n(v).
4
Let b(i) = 2*i + 11. Let w be b(-8). Let p = 5 - 3. Let q(o) = -9*o**2 + 5*o**p - o**3 + 4*o + 5 - 11. What is q(w)?
-1
Let b(g) = 2*g**2 + 0*g - 5*g**2 + g**3 - g + 2 - 4*g. Suppose 4*m + y + 4 = 6*y, 2*m + 3*y = 20. Calculate b(m).
-2
Let n(d) = -5*d**2 + 5*d - 5*d + 14. Let v(r) = -2*r**2 + 5. Let f(c) = 3*n(c) - 8*v(c). Let a(h) be the first derivative of f(h). What is a(-1)?
-2
Let b = 7 - -1. Suppose -5*d + b = -d. Let i(y) = -8*y**3 - 2*y**2 + y + 2*y**d. Determine i(-1).
7
Let s(x) = -1. Let k(t) = -11*t**2 - 4*t + 13. Let o(p) = -4*p**2 - p + 4. Let m(f) = -3*k(f) + 8*o(f). Let v(i) = -m(i) - s(i). Determine v(-6).
-4
Let j = -39 - -27. Let v = -8 - j. Let c(y) = -4*y**2 - 1 + 2*y + 4*y + 2*y**2. Determine c(v).
-9
Let p(z) be the first derivative of -6 + 1/2*z**2 + 6*z. Calculate p(-3).
3
Let v(t) = 15*t + 2. Let s be 19/3 - (-12)/18. Let r(a) = -8*a - 1. Let c(i) = s*r(i) + 4*v(i). Calculate c(1).
5
Let h = 1 - -2. Let k(b) = -4*b + h + 5*b + b. Let f = 19 - 22. Determine k(f).
-3
Let m(y) be the third derivative of y**6/120 + y**5/10 + y**4/4 + y**3/3 - y**2. Calculate m(-4).
10
Let a(z) = -1. Let i(x) = x - 1. Let k(r) = a(r) + 2*i(r). Calculate k(0).
-3
Let z(i) be the second derivative of -i**5/20 - i**4/3 + i**3/6 + 2*i**2 - 20*i. Let t be (-3)/6 - 14/4. Calculate z(t).
0
Suppose 0*u = p + 5*u - 12, -5*p = -u + 18. Let h be 1/((-3)/(-45)*3). Let f(a) = -4*a - 2 + h*a**2 - a**2 - 5*a**2. Calculate f(p).
1
Let g(z) = -7*z - 1. Let b = 15 + -16. Determine g(b).
6
Let i(x) = -10*x**2 - 3*x - 2. Let z(f) = 3*f**2 + 4*f**2 + 2*f - 2*f**2 + 1. Suppose y + 3*y + 12 = 0. Let w(d) = y*i(d) - 5*z(d). What is w(1)?
5
Let k(r) = 2*r - 4. Suppose -11*h - 24 = -3*h. Calculate k(h).
-10
Let g(r) = r + 3. Let i be g(-6). Let f be 6*-1*(-4)/2. Let l(c) = 1. Let x(z) = z + 4. Let h(t) = f*l(t) + i*x(t). Calculate h(2).
-6
Let s be 1/2*0 + -10. Let i be (-41)/(-4) - (-12)/(-48). Let d be 2/s - (-42)/i. Let p(k) = 2*k - 4. What is p(d)?
4
Let i be ((-9)/18)/((-2)/8). Suppose -2 - i = 2*x. Let f(c) = c**2 - 3*c - 3. Give f(x).
7
Let p(h) be the third derivative of -h**5/60 + 7*h**4/24 - 2*h**3/3 + 4*h**2. Determine p(6).
2
Let k(w) be the first derivative of -w**3/3 + 3*w**2 - 4*w - 11. Give k(4).
4
Let o(m) = -2*m**2 + 2*m - 3. Let p be (-8)/10*(-115)/46. Give o(p).
-7
Let s(j) = -j**3 - 5*j**2 + 8*j + 8. Suppose 3*p - d - 4 = -0*d, -6 = -2*p + 4*d. Let k = -7 + p. Calculate s(k).
-4
Let n(a) = -a**3 + 2*a**2 + 2*a + 1. Let m(q) = 2*q - 5. Let j be m(2). Give n(j).
2
Let x be ((-2)/(-3))/(20/30). Let g(l) = 3*l**2 + l. Determine g(x).
4
Let d(p) be the second derivative of -p**6/360 + p**5/40 + p**4/6 + 7*p**3/6 - 4*p. Let v(a) be the second derivative of d(a). Give v(5).
-6
Let a(u) = 2*u**2 + 3*u + 3. Let x be (-2)/(-8) + (-413)/(-28). Suppose o = -17 + x. Calculate a(o).
5
Let c = -26 + 43. Suppose -4*g = -c - 3. Let m(v) = v**2 - 7*v + 3. Determine m(g).
-7
Let a(y) = -7*y + 1. Let o(n) = -2*n. Let d(h) = 6*a(h) - 22*o(h). Suppose 3*k = -k - 24. Let j = k + 0. Give d(j).
-6
Let p be (8/2 + -1)/(-1). Let h(x) = -x - 2. Let i be h(2). Let q(t) = -t - 2. Let l(a) = a + 2. Let c(k) = i*q(k) - 6*l(k). Determine c(p).
2
Let p(i) = i**3 + 2*i**2 - i. Let l be (-21)/(-14)*(-4)/(-6). Give p(l).
2
Let v(r) = 2*r**2 + 2*r - 3. Suppose 5*t + 3*m - 1 = 0, 0*t = t - 4*m - 14. Let a be t/(-6) - (-144)/27. Suppose -13 = -a*f - 3. Calculate v(f).
9
Let g be (-4)/(-10)*(-45)/(-9). Let p(q) = -q**3 +